inder when 20735 is divided by z(-2).
47
Suppose -3*w - 15 = 5*d, 4*d - 21 = 4*w - 65. What is the remainder when 584 is divided by d + 0 + 5 + 40?
38
Suppose 0 = c + 2, 70 = 2*o + c - 40. Suppose -241 = -2*k + 3*y, y - 31*y = -k + 377. Calculate the remainder when k is divided by o.
51
Calculate the remainder when 49/490 - (-1229)/10 is divided by 3 + 25 + (-15)/5.
23
Let b(u) = u**3 - 42*u**2 - 79*u - 123. Calculate the remainder when b(44) is divided by 50.
23
Suppose -19*s + 10 = -24*s. Let i(z) = -17*z - 29. What is the remainder when 15 is divided by i(s)?
0
Suppose 4*y = 2*y + 2. Let w be 76/10 - 2/(-5). Calculate the remainder when ((-15)/2)/(w - 34/4) is divided by y.
0
Let l(o) = -5*o + 1 + 0 + 16*o. Suppose z + 7 = 10, -125 = -5*f - 5*z. What is the remainder when f is divided by l(1)?
10
Let n be (-4)/(-6) - (22280/15)/8. Let y = 200 + n. Calculate the remainder when 58 is divided by y.
13
Let n(h) = -31*h**3 - 7*h**2 - 19*h + 19. What is the remainder when n(-3) is divided by 77?
3
Suppose 13*j - 6820 = -5559. Let z(a) = a**3 + 2*a**2 - 4*a. Let l be z(4). Let b = j - l. Calculate the remainder when b is divided by 11.
6
Let d(k) = k + 1. Suppose -31 = 5*f - n, -1 = 2*n - 3*n. Let g(q) = 15. Let u(i) = f*d(i) - g(i). What is the remainder when 70 is divided by u(-6)?
10
Let a(d) = 2*d**2 + 4*d + 71. Let y = -459 - -479. Calculate the remainder when a(-13) is divided by y.
17
Calculate the remainder when 4450 is divided by (2052/190 + 7)/((8/(-10))/(-4)).
0
Let y(n) = -n**3 - 18*n**2 - 7*n + 82. Calculate the remainder when 728 is divided by y(-18).
104
Suppose 9*g = 2481 + 975 - 153. Let v = 15 + 80. What is the remainder when g is divided by v?
82
Suppose 4*g - 695 = -3*a, 89*g - 93*g + 2*a + 670 = 0. Suppose -14*t - 30 + g = 0. Calculate the remainder when 146 is divided by t.
6
Let d(j) = -5*j - 12. Let p(w) = -11*w - 22. Let k(c) = 5*d(c) - 3*p(c). Calculate the remainder when 17 is divided by k(0).
5
Suppose 0 = -c + 12 - 64. Let s = c - -65. Suppose s*i = i + 324. Calculate the remainder when i is divided by 11.
5
Let q be -23*(7 - (-624)/(-80) - (-2)/(-10)). Let h be (-64)/(2 - (4 + -1)). Suppose v + q = h. Calculate the remainder when 158 is divided by v.
35
Suppose 0 = 5*w + 3*n - 3353, 0 = -5*w - 19*n + 14*n + 3355. What is the remainder when 757 is divided by w?
87
Let s(n) = 2*n**2 - 35*n - 79. Calculate the remainder when 25 is divided by s(20).
4
Suppose -23*r + 5*q = -26*r + 435, -5*r + 741 = 3*q. What is the remainder when 5399 is divided by r?
149
Suppose -5 = -c, -c - 1568 = 4*s - 337. Calculate the remainder when 199 is divided by (103/s)/(-1 + (-604)/(-606)).
98
Let s be (-44)/(-2) - (6 - 9). Let u = s - 27. Calculate the remainder when -2*67/u + 1 + 1 is divided by 35.
34
Let c = 206 - 206. Suppose 0 = 4*k + 8, -2*f + c*k = 3*k - 296. Calculate the remainder when f is divided by 77.
74
Let q = 5783 - 5568. Calculate the remainder when 1057 is divided by q.
197
Suppose -21054 = -1292*v + 1226*v. Calculate the remainder when 327 is divided by v.
8
Suppose 9*m - 208 = -1045. Let f = m + 90. What is the remainder when 38 is divided by ((-99)/(-12))/f*(-20)/5?
5
Suppose -11*b + 8*b - 25 = -n, 0 = -3*n - 4*b + 101. Let k = -52 - -75. What is the remainder when n is divided by k?
8
Suppose -15 + 39 = 8*i. Suppose i*f - 64 = -f. What is the remainder when 79 is divided by f?
15
Let y = -2639 - -2756. What is the remainder when 462 is divided by y?
111
Let h = 309 - 281. Suppose -76*d = -83*d + h. What is the remainder when 55 is divided by d?
3
Let v(w) = w**3 + 15*w**2 + 13*w - 12. Let x be v(-14). Let b(a) = -6*a + 24. Let g(l) = 3*l**2 + 6*l - 2. What is the remainder when b(x) is divided by g(-3)?
5
Let w = 201 + -201. Calculate the remainder when (-332)/((-10)/5*(w + 1)) is divided by 12.
10
Let l(g) = -g**2 + 19*g + 33. Let i(h) = -7*h - 106. Let p be i(-18). Suppose 5*n - 20 = -0*n. Calculate the remainder when l(p) is divided by n.
1
Suppose -2*u - u + 3 = 0. Let k be u*3/(-2)*(-56)/(-42). Calculate the remainder when 39 is divided by (-6)/9 + k/(-9)*66.
11
Suppose 2754 = 681*w - 678*w. Suppose -17*x + w = 17*x. Calculate the remainder when 46 is divided by x.
19
Let b(q) = -19 + 13 + 4 - 9*q. Let m = -1848 - -1910. What is the remainder when m is divided by b(-1)?
6
Let y = -186 - -281. Let v be 10/y + (-3080)/19. Let n = 271 + v. Calculate the remainder when n is divided by 22.
21
Calculate the remainder when (88/(-20))/((-2)/5) is divided by (-12)/10 - (-432)/135.
1
Let f(a) = -5*a**2 + 36*a - 7. Let m be f(7). Suppose 4*g - 3 + 15 = m, -213 = -5*t + g. What is the remainder when t is divided by 12?
6
Let k(d) = 12*d + 47. Let a(o) = -12*o - 48. Let z(m) = -4*a(m) - 5*k(m). What is the remainder when z(-8) is divided by 23?
7
Suppose 122936 - 16557 = 637*j. Suppose 2*b - 110 = -0*a - 2*a, 113 = 2*a + 3*b. Calculate the remainder when j is divided by a.
11
Suppose 0 = 4*y + 5*d - 5376, -4*y - 3*d + 1344 = -3*y. Suppose 2*q = -5*q + y. What is the remainder when q is divided by 66?
60
Suppose 0 = 2*s - 56 + 38. Let h(r) = 10*r + r - 10 - 12*r. Calculate the remainder when s is divided by h(-13).
0
Let a = 564 + 45. Let i = a + -606. Let j = -2 - -13. Calculate the remainder when j is divided by i.
2
Let v = -15572 + 16164. What is the remainder when v is divided by 136?
48
Let c = 363 + -289. Suppose -5*s + 25 = 0, 3*a - 2*s - c = 42. Calculate the remainder when 77 is divided by a.
35
Suppose 22*u + 18*u = 7360. What is the remainder when u is divided by 37?
36
Let x be 7 - (-8 + 3 - -12). Suppose x = -9*j - 4*j + 5421. What is the remainder when j is divided by 60?
57
Calculate the remainder when 419 is divided by 3 - ((-3)/10 - 23157/310).
29
Suppose j - 8 = 2*x - 1, -16 = -2*j + 5*x. Let g = 134 + -197. Let k = -54 - g. What is the remainder when k is divided by j?
0
Let u = 511 - 1210. Let z = 726 + u. Calculate the remainder when 32 is divided by z.
5
Suppose -8*h + 334 = 4*d - 10*h, -3*h = -3. Calculate the remainder when 183 is divided by d.
15
Let j(k) = -k**2 + 28*k - 125. Let d be j(6). Let p = 40 - d. Let z = -131 - -257. Calculate the remainder when z is divided by p.
27
Let m be ((-5)/10)/((-4)/40). Suppose m*t + l = -0*l - 88, l = -2*t - 34. Calculate the remainder when 3/t - 724/(-24) is divided by 17.
13
Let b(v) = v**3 + v**2 - 3*v - 4. Let f be b(2). Suppose -2*q + f*s - 8 = -3*s, 2*q - 24 = -3*s. Calculate the remainder when 1*(-10)/4*-14 is divided by q.
5
Let j(u) be the first derivative of u**2 + 2*u + 3. Let s be j(3). Suppose 0 = -k + s*k - 378. Calculate the remainder when 105 is divided by k.
51
Let g = 7 - 12. Let x(p) = p**3 + 6*p**2 + 3*p + 2. What is the remainder when x(g) is divided by -3 + (-20)/(4*(-1)/2)?
5
Suppose 3*r + 85 = 8*r. Suppose -r*a + 18*a = -1. Calculate the remainder when 44 is divided by a*((-42)/4 + 3/2).
8
Let i = -1028 - -1516. Suppose i*n = 494*n - 132. Calculate the remainder when 283 is divided by n.
19
Let g(j) = -j**3 + 10*j**2 + j - 7. Let a be (2 - 1 - -72) + -4. Let u = -66 + a. What is the remainder when u is divided by g(10)?
0
Suppose -6 = -3*r + 2*g, 0 = -r - g + 6*g + 15. Let y be (4 + (-45)/10)*r. What is the remainder when 53 is divided by (-2)/((-4)/22) - y?
9
Suppose -37*u - 20*u + 7*u + 4850 = 0. Let k = -58 + 108. Calculate the remainder when u is divided by k.
47
Let q(z) = z**3 - 25*z**2 + 16*z + 302. What is the remainder when q(24) is divided by 53?
4
Suppose 41*v = 35*v + 168. Calculate the remainder when 685/(-10)*(-3 + 1) is divided by v.
25
Let f(h) = 82*h**3 - h**2 + 32*h - 87. What is the remainder when f(3) is divided by 11?
3
Let r(d) = 3*d + 1. Let m be ((-2)/2*-157)/(-1 - -2). Suppose -3*j - o = -m, -3*o + 4*o - 4 = 0. What is the remainder when j is divided by r(5)?
3
Suppose -25*u = -33*u + 2000. Let r = u - 194. What is the remainder when 223 is divided by r?
55
Suppose -2*r + 56 = 4*j, j - 2*r + 31 = 45. Let b = 153 - 103. What is the remainder when b is divided by j?
8
Let l = 7378 + -7038. What is the remainder when l is divided by 174?
166
Let n = 15927 - 15876. What is the remainder when 7647 is divided by n?
48
Let v = 405 - -618. What is the remainder when v is divided by 13?
9
Suppose 0 = -l - 4*l + 165. Let 